late the greatest common divisor of 180 and 54.
18
What is the greatest common divisor of 105 and 2?
1
What is the highest common divisor of 75 and 50?
25
What is the greatest common factor of 286 and 182?
26
Calculate the highest common factor of 129 and 15.
3
What is the highest common factor of 328 and 82?
82
What is the highest common divisor of 15785 and 77?
77
Calculate the highest common divisor of 1225 and 200.
25
What is the greatest common divisor of 178 and 6?
2
Calculate the highest common divisor of 40 and 216.
8
Calculate the highest common factor of 5141 and 97.
97
Calculate the greatest common divisor of 1022 and 14.
14
Calculate the greatest common factor of 10 and 250.
10
Calculate the highest common factor of 362 and 28417.
181
Calculate the highest common factor of 28786 and 74.
74
Calculate the greatest common factor of 84 and 896.
28
Calculate the highest common factor of 6 and 138.
6
Calculate the highest common divisor of 1 and 59.
1
Calculate the highest common factor of 107 and 6313.
107
Calculate the highest common divisor of 4 and 11.
1
What is the greatest common factor of 2552 and 176?
88
What is the highest common factor of 143 and 33?
11
Calculate the highest common factor of 126 and 24.
6
Calculate the greatest common factor of 130 and 3250.
130
Calculate the highest common divisor of 7 and 1428.
7
Calculate the greatest common factor of 948 and 204.
12
Calculate the highest common factor of 2379 and 549.
183
What is the highest common factor of 69 and 29417?
23
What is the highest common divisor of 108 and 1404?
108
What is the greatest common divisor of 63 and 9?
9
What is the greatest common divisor of 28 and 532?
28
Calculate the highest common divisor of 2457 and 105.
21
Calculate the highest common factor of 31 and 19871.
31
What is the greatest common factor of 272 and 221?
17
Calculate the greatest common factor of 18 and 1926.
18
What is the greatest common factor of 44 and 77?
11
Calculate the greatest common divisor of 60 and 810.
30
Calculate the greatest common divisor of 8316 and 77.
77
Calculate the greatest common divisor of 153 and 68.
17
What is the highest common factor of 392 and 8?
8
What is the highest common divisor of 13 and 143?
13
Calculate the greatest common factor of 950 and 25.
25
Calculate the greatest common divisor of 108 and 120.
12
What is the greatest common divisor of 608 and 1862?
38
Calculate the highest common divisor of 528 and 144.
48
What is the highest common factor of 413 and 118?
59
Calculate the highest common factor of 578 and 272.
34
What is the greatest common factor of 266 and 84?
14
Calculate the greatest common factor of 30 and 12.
6
Calculate the highest common factor of 261 and 2204.
29
Calculate the greatest common factor of 4598 and 38.
38
Calculate the highest common factor of 23 and 184.
23
Calculate the greatest common factor of 232 and 8.
8
Calculate the highest common divisor of 63 and 657.
9
What is the highest common divisor of 4 and 4?
4
Calculate the greatest common factor of 8 and 7132.
4
Calculate the greatest common factor of 216 and 513.
27
Calculate the greatest common divisor of 684 and 152.
76
What is the greatest common factor of 6745 and 1065?
355
What is the greatest common factor of 73 and 219?
73
What is the highest common factor of 180 and 135?
45
What is the greatest common factor of 555 and 120?
15
What is the highest common factor of 26 and 2132?
26
What is the highest common factor of 161 and 56?
7
Calculate the greatest common factor of 702 and 26.
26
Calculate the greatest common divisor of 45 and 405.
45
Calculate the highest common divisor of 185 and 962.
37
What is the highest common factor of 511 and 2920?
73
What is the greatest common factor of 736 and 128?
32
Calculate the greatest common divisor of 60 and 570.
30
What is the greatest common factor of 55 and 80?
5
Calculate the greatest common factor of 230 and 110.
10
Calculate the highest common divisor of 35 and 8505.
35
What is the greatest common factor of 234 and 63?
9
Calculate the greatest common factor of 750 and 210.
30
What is the greatest common divisor of 2 and 23?
1
What is the highest common divisor of 68 and 68?
68
What is the highest common factor of 8961 and 435?
87
What is the highest common divisor of 142 and 497?
71
Calculate the greatest common factor of 5661 and 1224.
153
What is the highest common divisor of 87 and 3?
3
Calculate the highest common factor of 66 and 22.
22
What is the highest common divisor of 9 and 267?
3
What is the greatest common divisor of 2 and 2182?
2
What is the greatest common divisor of 7 and 119?
7
Calculate the highest common factor of 3186 and 108.
54
Calculate the highest common divisor of 32 and 16.
16
Calculate the highest common factor of 16 and 360.
8
Calculate the greatest common divisor of 2881 and 134.
67
Calculate the highest common divisor of 22 and 5709.
11
Calculate the greatest common divisor of 15 and 165.
15
What is the highest common divisor of 1518 and 66?
66
What is the highest common divisor of 27 and 7?
1
What is the highest common divisor of 2800 and 900?
100
What is the highest common factor of 1513 and 17?
17
What is the greatest common divisor of 71340 and 29?
29
What is the highest common divisor of 165 and 330?
165
What is the highest common factor of 2997 and 555?
111
What is the greatest common divisor of 39328 and 32?
32
Calculate the highest common divisor of 14 and 546.
14
Calculate the greatest common factor of 3854 and 658.
94
What is the highest common factor of 23 and 276?
23
What is the greatest common divisor of 2 and 54?
2
Calculate the highest common factor of 209 and 44.
11
What is the greatest common factor of 60 and 6420?
60
Calculate the highest common factor of 48 and 912.
48
Calculate the greatest common factor of 6232 and 41.
41
What is the highest common divisor of 749 and 56?
7
Calculate the greatest common divisor of 60 and 5220.
60
What is the highest common divisor of 66 and 44?
22
What is the greatest common factor of 2392 and 46?
46
Calculate the greatest common divisor of 38 and 73188.
38
Calculate the greatest common divisor of 8672 and 32.
32
What is the highest common factor of 150 and 60?
30
Calculate the greatest common factor of 12 and 156.
12
Calculate the greatest common factor of 150 and 180.
30
Calculate the greatest common factor of 405 and 54.
27
What is the highest common factor of 228 and 216?
12
Calculate the highest common factor of 7 and 20.
1
Calculate the greatest common divisor of 1748 and 1444.
76
What is the greatest common factor of 24 and 4184?
8
Calculate the highest common factor of 40086 and 306.
306
What is the greatest common divisor of 1710 and 120?
30
What is the greatest common factor of 26819 and 39?
13
What is the greatest common divisor of 5 and 3125?
5
What is the highest common divisor of 52 and 1?
1
Calculate the greatest common divisor of 477 and 18.
9
What is the greatest common factor of 837 and 1302?
93
What is the highest common factor of 9 and 762?
3
Calculate the greatest common factor of 2316 and 12.
12
What is the highest common factor of 231 and 105?
21
What is the highest common divisor of 24 and 8?
8
Calculate the greatest common divisor of 13 and 949.
13
What is the greatest common factor of 4199 and 95?
19
Calculate the highest common factor of 901 and 53.
53
What is the greatest common divisor of 153 and 9?
9
Calculate the greatest common factor of 68 and 17.
17
Calculate the greatest common factor of 55 and 25.
5
Calculate the highest common factor of 100 and 60.
20
What is the highest common divisor of 3497 and 26?
13
Calculate the highest common factor of 369 and 41.
41
What is the greatest common divisor of 124 and 217?
31
Calculate the highest common divisor of 6 and 153.
3
What is the highest common factor of 646 and 190?
38
What is the greatest common divisor of 4082 and 1570?
314
What is the highest common divisor of 2886 and 351?
39
What is the greatest common factor of 182 and 476?
14
What is the greatest common factor of 13433 and 133?
133
What is the greatest common factor of 28 and 3136?
28
Calculate the highest common divisor of 90 and 60.
30
Calculate the greatest common divisor of 4023 and 81.